7 + -3?
10
What is the value of 9 - (-1 - (1 - 10)) - -5?
6
-46 - (-6 - 18) - (0 + -8)
-14
6 - -2 - (26 + (-4 - 13))
-1
Calculate (11 + -3 - 16) + (-6 + 2 - -8).
-4
Calculate -27 - (0 + -21) - (0 + -2 - -1).
-5
Evaluate (18 - -25) + -6 + -6.
31
Calculate 67 - ((10 - -17) + 12).
28
What is -8 - (10 + -30 - -14)?
-2
What is the value of 269 - 285 - (2 - 15)?
-3
What is 11 + (-43 - -36) + (1 + -9 - -2)?
-2
Calculate (-16 - (-19 + 23)) + -3.
-23
Evaluate 13 + -13 + 17 - 10.
7
What is 0 + 5 + 144 + -148?
1
-39 + -45 + 54 - -46
16
Evaluate (7 - -5) + -3 + -8.
1
Evaluate (1 + 19 - 1) + (756 - 759).
16
Calculate (-114 - -52) + 33 + (11 - (-1 + 2)).
-19
Evaluate -17 + 0 - (1883 + -1908).
8
Calculate (-10 - (-8 - (1 - 5))) + -27 + 42.
9
Calculate -15 + -37 - (-65 + 33).
-20
Evaluate (1 - 13 - (7 - 5)) + 3.
-11
43 - 0 - (61 + -61 + 11)
32
Calculate 11 + -1 + -288 + 280.
2
(0 + -4 - -4) + (-24 - -31 - 34)
-27
What is -38 - -51 - 43 - -22?
-8
What is the value of 0 + 16 - (40 + -17 - 42)?
35
Calculate -51 + 22 - (0 + -18).
-11
(74 - 68) + (-4 - -14)
16
2 - (-7 - 0) - (282 - 275)
2
What is -16 + (-6 + -6 + 15 - 1)?
-14
Evaluate (-3 + -1 - (59 - 64)) + 11.
12
Calculate 3 + -6 + 1 - (-2 - -1).
-1
0 + 6 - -5 - 0
11
Calculate -8 - ((-24 - -10) + 16).
-10
Calculate -4 + 2 - (11 - (-3 - -11)) - -13.
8
Evaluate -19 - (-21 - -14) - -3.
-9
-20 + -63 + 26 - -31
-26
What is the value of -2 - (-1 - (1 + 1) - (-134 - -111))?
-22
Evaluate -1 - ((8 - 12) + 5).
-2
Calculate 1 - (-3 - (1 - 18)) - 6.
-19
Evaluate (15 - -12) + 16 - 28.
15
Calculate 199 - 202 - (-2 - -5).
-6
What is the value of -1 - (4 - 1) - (-549 + 534)?
11
Evaluate (12 - 26 - (-15 - -3)) + -14.
-16
What is -4 + (4 - -8) - (-26 + 20)?
14
-19 - (-39 - (-8 + 8))
20
Calculate 23 + 5 + -30 + (3 - -24).
25
What is the value of 30 - (16 + (-12 - -13))?
13
Evaluate 9 - 1 - (98 - 84).
-6
What is the value of -7 - ((8 - (5 + 1)) + -5)?
-4
Calculate 52 - ((-1 - -32) + (145 - 161)).
37
Calculate -6 + (5 - -11) - (14 + 5 + -5).
-4
What is 9 + 6 - (-18 + 21)?
12
Calculate (4 + -2 + -9 + 5 - 3) + 7.
2
Evaluate 2 - (24 + -15 + -24).
17
(3 + 18 - 8) + 4 + 2 + -4
15
Calculate 42 + -3 + 0 + (38 - 48).
29
Evaluate -5 + -19 + -1 - (0 - 5).
-20
Evaluate (-2 + 4 - -16) + (74 + -110 - -28).
10
What is the value of 18 + -22 + -1 - -8?
3
Calculate 150 + -153 + (6 - (1 + 1)).
1
Evaluate 4 + 5 + -43 + 8.
-26
Calculate 2 + 8 + (78 - 87) - -3.
4
What is the value of -4 + -7 + -4 + 16 + (7 - 30)?
-22
Calculate (20 - 39) + 38 - 4.
15
What is -84 + 95 + -7 + -1?
3
8 + -29 + -2 + 15
-8
What is the value of 14 - (8 - (8 - (13 - 6))) - 32?
-25
What is -10 + (13 + -4 + -7 - (0 - -2))?
-10
-29 - 14 - (-36 - -4)
-11
3 - (-8 + 4 + (-3 - -13) - 2)
-1
Calculate -68 - (-24 - -27 - 38).
-33
What is 3 - (-8 - -1 - (2 - (7 + 1)))?
4
What is -28 + (-3 + -17 - -21)?
-27
Calculate 11 - (5 + -19) - (4 - (-4 + 10)).
27
Calculate -5 - (-2 - 0) - ((-46 - -67) + -6).
-18
What is 19 + (-1 - -1) + (-47 - (-44 + -3))?
19
Calculate (-32 - -36 - (2 - 0)) + (-4 - 5).
-7
What is the value of (-1 - -5) + 9 + (-11 - (-11 - -7))?
6
Calculate (-9 + 6 - -27) + -31.
-7
(13 + (3 - 9) - 14) + -12
-19
What is the value of -1 - (2 + 7 + (40 - 43))?
-7
-2 + 6 + -3 + 17 + -7 + -9
2
Evaluate -25 + 37 - (-7 + 16).
3
Calculate 4 + (1 - 5 - -8) + -2 - 24.
-18
What is (-16 - -2) + 121 + -107?
0
What is 12 + ((-1 - -14) + 100 + -91 - 7)?
27
Calculate -25 - -13 - (-11 + -5 + 9).
-5
What is -2 + -3 + 0 + 239 + -226?
8
Calculate 5 + 28 + -10 - (3 - 3).
23
What is -4 - (-3 - -1) - ((21 - 7) + -4)?
-12
Calculate -7 + -16 + (2 - -1) + 132 + -130.
-18
Evaluate 3 + (1 - 9) + 10 + -15.
-10
What is 45 + (3 + -44 - -22)?
26
(9 - -8) + -10 + (-2 - -5) + 1
11
Calculate 9 - -10 - 13 - (-1 - 1) - 1.
7
Evaluate -12 - (-6 - 23 - -37).
-20
What is (-11 - 6 - -16) + 7?
6
What is 1 - ((-25 - -3) + 40 + -36)?
19
What is the value of 0 + (1 - 54) + 268 + -248?
-33
What is 8 - 3 - (-6 + (8 - 5) + 17)?
-9
What is the value of (0 - 1) + (53 + 2 - 63)?
-9
Evaluate 6 + (44 - (26 + -4)).
28
Calculate -7 + -1 + (-59 - (85 - 151)).
-1
Calculate 10 + ((7 - 1) + -3 - 17 - 3).
-7
24 + (-68 - -61 - (0 - (0 + -2)))
15
(-26 - -11) + -10 + -1 + 6
-20
1 - (-17 - (6 - 37))
-13
What is the value of (-1 - 2) + -10 + 38 + -17?
8
Evaluate 1 + -1 - -1 - (-8 + 12 - -15).
-18
What is the value of (13 - 20 - -15) + 4 + 10?
22
What is 2 + (6 - (31 - 10)) + 9?
-4
What is 1 - 13 - (2 + -3 - 5)?
-6
What is 66 - (19 + 2 + 24)?
21
(8 - (14 + -5)) + -2 + 7
4
What is (-17 - (-60 + 37)) + 2 + -11?
-3
5 + (-5 - (-8 - 7)) + (-4 - 1)
10
Evaluate 8 - (-3 + (-6 - (-16 + 6))).
7
-17 + (-7 - (5 + 6) - -63)
28
Evaluate (-7 - -10 - 3) + 8.
8
(-4 + -1 - 0) + (100 + -35 - 45)
15
10 + (15 + 14 - (-12 + 26))
25
-22 + 31 + 1 + -18 + -13
-21
Calculate 25 - 29 - ((4 - -4) + -3 + -9).
0
What is the value of 8 - (2 - (5 + -9 - 0))?
2
What is -14 + (8 + 4 + -4 - 1)?
-7
What is (6 - -5) + -12 + 17 + -5?
11
Calculate -3 - 6 - 1 - (-9 + 10).
-11
What is 28 + -29 + (-4 - -6) + -1 + 0?
0
What is the value of -69 + 52 + 4 + (1 - -25)?
13
What is 1754 - 1738 - (48 + 1 + 0)?
-33
What is 8 - -1 - (-3 - (-42 + 3))?
-27
Calculate -2 + -7 + -2 + (16 - -9 - 11).
3
Calculate (-26 - (-28 + 5)) + (6 + 0 - 0).
3
Calculate (1 - (-1 - 6)) + (-92 + 62 - -26).
4
Calculate (15 + -10 - -5) + -11 + 0 + 3.
2
Evaluate (-1 - 11) + (3 - -7) + -21.
-23
Calculate -6 - ((0 - (13 + -7) - -5) + -14).
9
Evaluate (-18 + 9 - 0) + 5 - 13.
-17
Calculate 4 + (6 - 1) + -12 - -9.
6
(4 - 15) + 19 + -2
6
3 + (-6 - (-7 + 3)) - (8 + -4)
-3
Evaluate 228 + -215 - (8 + -2 + 5 + -2).
4
Calculate -14 - (2 - 4) - (456 - 462).
-6
Evaluate -3 + 7 + 8 + -38 + 47.
21
What is -33 + 0 + 1384 + -1381?
-30
What is -3 + 6 + (-5 - -11)?
9
(-4 - -3 - -2 - (0 + -6)) + 9
16
What is the value of 5 - (5 - 3 - (11 - -7 - 22))?
-1
What is 22 - 43 - (3 + -18)?
-6
(-26 - -72 - 25) + -35
-14
What is -16 - (-28 - -11) - (-1 - 11)?
13
Evaluate 14 + -15 + -2 + 6.
3
Calculate -30 + 17 + 16 - (-3 + 8).
-2
Calculate 17 + -13 + (4 - (10 - 5)).
3
(-12 - 21 - -34) + 7 + 0 - -19
27
Evaluate 10 + -6 + 1 + -4 + 9.
10
-2 + 2 - (-22 + (14 - 28 - -31))
5
What is -3 - (5 - 13 - -19)?
-14
(-4 - -3 - 0) + (153 - 172) - 0
-20
Evaluate -8 + (-1 - (-7 - 0)) + -3 - 5.
-10
Evaluate -5 - ((-5 + 3 - -9) + (-12 - -3)).
-3
Evaluate 13 + -32 + 8 - 1.
-12
What is -15 - (27 - 40) - (-5 + -1)?
4
(41 - (64 + -38)) + 18
33
What is -3 + 9 + -1 - -16 - 0?
21
What is -30 + (10 - 28 - -79)?
31
Evaluate 2 - (-6 + 7) - (7 - 14).
8
Evaluate 2 - -21 - ((-4 - 28) + 34).
21
What is the value of 39 + 1 + (0 - 24)?
16
Evaluate 1 + (10 - (-2 + 3 + -7 + 8)).
9
Calculate 55 + -54 + (8 - (-2 + 4)).
7
Evaluate -7 - (0 + -22 + (2 - (-5 + 1))).
9
Calculate 5 - (-25 + 24 - 22).
28
Evaluate (-7 + 18 - 19 - -13) + 15.
20
-12 + (9 - -13) - 17
-7
Evaluate 12 + -41 + 2 + 18.
-9
Calculate -1 - 9 - ((-57 - (2 + -26)) + 23).
0
Evaluate (5 - (6 - (0 + -4 + 21))) + -1.
15
Calculate -2 + -3 + 6 + 2.
3
Evaluate (0 - -2 - (-7 - -5)) + -14.
-10
What is 10 - ((6 - -4) + 1) - (-5 - -3)?
1
-1 + -17 + -580 + 586
-12
What is the value of -23 - (-41 - -20) - (18 - -1)?
-21
Evaluate 0 - (2 - 0 - 13 - -23).
-12
What is (1 - -23) + (-224 - -210) - 8?
2
What is the value of 2 + (6 + 24 + -15 - 33)?
-16
Evaluate 1 + (58 - 73) + -1 + 8.
-7
Calculate -4 - ((4 - 5 - -2) + -9 + 22).
-18
What is -31 - (0 + 5 - 44)?
8
Calculate (-17 - (-2 + 1 + -7)) + 13.
4
Calculate -130 + 119 - (-12 + -1).
2
Calculate -26 - (-6 + -1 - (-176 - -181)).
-14
21 + (-20 - -2) - (16 - (1 - 1))
-13
What is the value of 13 + -18 - (-13 + -1 + 6) - -19?
22
What is 2 + 0 - 29 - -12?
-15
Evaluate -9 + (1 - 2) + 2 + 4.
-4
-18 - -18 - (-8 - 6)
14
Calculate -13 + (10 - 5) + -18 + 12.
-14
Calculate -1 + -8 + (9 + 1 - -11).
12
What is the value of 7 - (7 - (15 - 5))?
10
What is the value of 77 + -70 - (20 + -1) - 0?
-12
Calculate -10 - (-6 + 10 + -15).
1
Calculate -7 + 22 + 21 + -10.
26
-196 + 183 - (-7 + 1)
-7
What is the value of -19 - -9 - (-21 - -14)?
-3
What is the value of -15 + 28 - ((19 - 14) + 21)?
-13
-12 + (0 - (-16 - -11))
-7
Calculate -10 + 0 - (-3 + 7 + -6 - -4).
-12
Evaluate 2 + -35 + 55 - (7 + 0).
15
What is -5 + (-31 - -13 - -20) + 1 + 18?
16
What is -1 + 7 - (-21 - (-5 - (-9 + 3)))?
28
Evaluate 3 - (34 - 40 - (-2 + -1